) to base 7
-31651606
Convert -1238855 (base 9) to base 6.
-22252252
-120ccc (base 15) to base 3
-1121212112010
100111010110001000 (base 2) to base 15
32b40
What is 84775 (base 16) in base 11?
340716
Convert -4a1876 (base 11) to base 9.
-1437706
Convert 2648a (base 13) to base 7.
414162
1012421411 (base 5) to base 2
111111010111101000001
Convert bdc82 (base 14) to base 10.
460714
54110141 (base 7) to base 16
464e6d
-110001034 (base 5) to base 14
-c2c46
274a597 (base 11) to base 8
22057630
Convert -a61df (base 16) to base 14.
-139d71
What is -2101122220011 (base 3) in base 10?
-1272757
12101022020 (base 3) to base 13
392a3
-23494a (base 11) to base 15
-7557c
6c2569 (base 15) to base 8
23565014
Convert 1342242 (base 5) to base 11.
199a3
What is -100021110201200 (base 3) in base 13?
-1037ca0
Convert 848d0 (base 15) to base 2.
1100110101010001111
Convert -101001010111100010110010 (base 2) to base 10.
-10844338
Convert 110002000211 (base 3) to base 15.
4a651
4d5610 (base 16) to base 12
1845068
Convert -80637 (base 12) to base 16.
-28b8b
-4505307 (base 8) to base 13
-337150
Convert 1133d9 (base 14) to base 4.
2032320203
What is -29d75 (base 15) in base 3?
-20211201102
Convert 10021012122121 (base 3) to base 6.
101114024
What is 13220232022 (base 4) in base 7?
23005105
Convert 3242541 (base 6) to base 7.
1241245
What is 2241556 (base 7) in base 4?
1010021221
What is -10131331332 (base 4) in base 11?
-730042
378d34 (base 16) to base 14
6aaa8c
What is 324401043 (base 6) in base 14?
ab5add
What is 13100032322 (base 4) in base 16?
1d03ba
6644 (base 8) to base 14
13b6
Convert 239619 (base 10) to base 13.
850b3
-a4574 (base 12) to base 16
-34828
627851 (base 9) to base 15
758ad
What is 38730 (base 13) in base 4?
121200201
What is 507114 (base 8) in base 4?
220321030
What is -188087 (base 13) in base 16?
-96bfc
Convert -342792 (base 10) to base 9.
-572200
What is -228287 (base 12) in base 7?
-4463161
4f3d (base 16) to base 9
30738
What is 2110331 (base 6) in base 2?
11001000001101111
566562 (base 7) to base 16
189b4
2a9b28 (base 12) to base 8
2602420
Convert -7a8b (base 13) to base 9.
-25513
Convert -1705a5 (base 11) to base 9.
-442440
491ba (base 15) to base 8
707473
Convert 110111010001001001100 (base 2) to base 11.
1027712
Convert 50824 (base 12) to base 14.
2a300
-1100111001010100001001 (base 2) to base 16
-339509
-c587 (base 15) to base 4
-22030120
What is 105712 (base 12) in base 6?
5312422
496a97 (base 12) to base 5
301201000
What is 211100100000 (base 3) in base 8?
1533026
-1116700 (base 8) to base 9
-510882
-3101613 (base 9) to base 14
-310db9
Convert 12112344 (base 5) to base 11.
78289
What is -7a4834 (base 12) in base 4?
-13131312220
-59939 (base 16) to base 10
-366905
Convert 11b89c (base 14) to base 15.
c02c0
Convert 21012254 (base 8) to base 2.
10001000001010010101100
Convert -12310210313 (base 4) to base 11.
-1011570
What is 57949 (base 12) in base 4?
130212021
What is -4d0c46 (base 15) in base 8?
-16067327
What is 1554247 (base 8) in base 10?
448679
What is -42460 (base 13) in base 4?
-131021200
What is -100022102 (base 3) in base 7?
-25535
-316022 (base 8) to base 3
-12100201001
330b9 (base 12) to base 7
400614
11211223 (base 4) to base 16
596b
What is 50312330 (base 6) in base 8?
5336736
Convert -1692167 (base 10) to base 12.
-69731b
-b10b6 (base 13) to base 3
-121002011212
What is 113113122231 (base 4) in base 7?
103030545
250524 (base 7) to base 15
d8dc
-5316452 (base 7) to base 11
-3aa401
-3463342 (base 7) to base 12
-190237
-55d39 (base 16) to base 4
-1111310321
141691c (base 15) to base 3
1000021201201000
419da (base 14) to base 7
1226463
What is -93058 (base 10) in base 6?
-1554454
What is 1285b (base 12) in base 8?
61507
Convert -231042 (base 8) to base 11.
-53976
-62750 (base 9) to base 4
-22013130
What is 41214321 (base 7) in base 2?
1101001010001000011010
Convert -1000202200100 (base 3) to base 7.
-4434225
Convert 370546 (base 8) to base 13.
45c5c
1010021010 (base 3) to base 14
807c
-1634111 (base 14) to base 15
-e4e87a
-32186 (base 12) to base 13
-24000
Convert -10307256 (base 8) to base 10.
-2199214
100001010101100101000001 (base 2) to base 3
121102222211202
-388a5d (base 16) to base 4
-32020221131
Convert 805559 (base 12) to base 2.
111101000010011010101
-18375 (base 11) to base 8
-62206
What is -66266 (base 10) in base 7?
-364124
-12041102 (base 6) to base 2
-1011100011100111110
Convert -10000111101001101 (base 2) to base 13.
-257c7
Convert 211141330 (base 5) to base 12.
3658b4
1001220012102 (base 3) to base 9
1056172
Convert -4afa7d (base 16) to base 13.
-103078a
Convert -214125 (base 11) to base 12.
-14605b
21001320 (base 4) to base 14
d69a
-10101010111010101111010 (base 2) to base 7
-65414244
What is -10211112021122 (base 3) in base 10?
-2037761
Convert -359109 (base 13) to base 4.
-10313223123
-1414450 (base 8) to base 3
-202022020002
-35aba (base 15) to base 14
-4654b
What is 8e03b2 (base 15) in base 2?
11001111000011001010000
Convert 687405 (base 11) to base 16.
10ae78
What is 13876102 (base 9) in base 13?
15778a6
Convert 25037565 (base 8) to base 11.
3131236
Convert 14301223 (base 5) to base 9.
248015
Convert -a72569 (base 11) to base 12.
-6a9303
Convert -10122122020 (base 4) to base 6.
-40443144
-2411430 (base 5) to base 8
-127107
16102256 (base 7) to base 2
101111001101100111101
-2133034034 (base 5) to base 3
-22121201021212
Convert -3413140 (base 6) to base 11.
-109042
What is 34021056 (base 7) in base 11?
1732756
What is -13edc6 (base 15) in base 13?
-278901
What is -4828300 (base 10) in base 9?
-10068157
Convert 4443 (base 8) to base 5.
33324
1441131312 (base 5) to base 13
a49bb8
-122110212020 (base 3) to base 16
-53fb2
Convert 11020012111111 (base 3) to base 7.
25051363
What is 3133222300 (base 4) in base 8?
3375260
What is 2352053 (base 6) in base 4?
132023001
181006 (base 15) to base 4
10131012030
What is 35a3b (base 15) in base 14?
464a4
105202212 (base 6) to base 9
3560028
Convert 242330430 (base 5) to base 2.
100010101011011101101
What is 11110111011000 (base 2) in base 4?
3313120
12798b (base 16) to base 4
10213212023
What is -38406 (base 10) in base 15?
-b5a6
What is 28711 (base 9) in base 12?
b377
Convert -10123103322 (base 4) to base 8.
-4332372
What is -26747 (base 16) in base 12?
-7719b
-342222422 (base 6) to base 7
-104204513
312300030 (base 4) to base 16
36c0c
What is -1495729 (base 10) in base 6?
-52020401
Convert -1101100011101001000 (base 2) to base 10.
-444232
What is -527153 (base 9) in base 5?
-40013344
What is 1000000011001 (base 3) in base 8?
2016136
Convert 302433123 (base 5) to base 9.
2255586
6a2901 (base 13) to base 3
11201222210211
Convert -114611 (base 9) to base 11.
-47948
What is 100032201 (base 4) in base 9?
111150
-212202110100 (base 3) to base 2
-1110010001010100110
Convert -23654314 (base 7) to base 6.
-113152534
c832c3 (base 13) to base 16
479494
What is 6546405 (base 8) in base 6?
101351325
Convert 312a33 (base 11) to base 4.
1322133012
9be17 (base 15) to base 7
4133560
What is 1056b10 (base 12) in base 10?
3101628
What is -76709 (base 12) in base 8?
-461571
What is -346603 (base 8) in base 16?
-1cd83
Convert -100110010000101100001 (base 2) to base 16.
-132161
-5365897 (base 10) to base 2
-10100011110000010001001
Convert -338616 (base 13) to base 2.
-100101001011001111011
6632746 (base 8) to base 3
10100121012001
What is -a7350 (base 11) in base 8?
-460761
What is -143482 (base 12) in base 6?
-11123042
4211300223 (base 5) to base 13
1a56723
What is 313012111 (base 5) in base 11?
807051
What is -1b2900 (base 14) in base 10?
-967652
Convert 105350 (base 10) to base 13.
38c4b
-1021200010 (base 4) to base 6
-10241444
What is -3784984 (base 10) in base 9?
-7108017
What is 470384 (base 9) in base 14?
74d06
What is -32821275 (base 9) in base 8?
-74513226
Convert 26ce4 (base 16) to base 13.
5746a
What is -1222 (base 10) in base 3?
-1200021
Convert -166534 (base 10) to base 16.
-28a86
-202332022 (base 4) to base 13
-50278
11221112202 (base 3) to base 10
97355
238041 (base 9) to base 15
2c86a
What is -230533332 (base 7) in base 2?
-110101110000100101111100
Convert 2195a (base 16) to base 11.
94397
-2002855 (base 10) to base 4
-13220332213
What is 807547 (base 10) in base 5?
201320142